{"id":129,"date":"2023-10-30T14:20:38","date_gmt":"2023-10-30T14:20:38","guid":{"rendered":"https:\/\/biserica-vejle.dk\/?page_id=129"},"modified":"2025-02-24T12:37:22","modified_gmt":"2025-02-24T10:37:22","slug":"taina-sfintei-impartasanii","status":"publish","type":"page","link":"https:\/\/biserica-ringkobing-skjern.dk\/index.php\/servicii-religioase\/taina-sfintei-impartasanii\/","title":{"rendered":"Taina Sfintei \u00cemp\u0103rt\u0103\u015fanii"},"content":{"rendered":"\r\n<figure class=\"wp-block-image size-large\"><img loading=\"lazy\" decoding=\"async\" class=\" wp-image-166 aligncenter\" src=\"https:\/\/biserica-ringkobing-skjern.dk\/wp-content\/uploads\/2025\/02\/WhatsApp-Image-2025-01-28-at-15.53.06-300x200.jpeg\" alt=\"\" width=\"438\" height=\"292\" srcset=\"https:\/\/biserica-ringkobing-skjern.dk\/wp-content\/uploads\/2025\/02\/WhatsApp-Image-2025-01-28-at-15.53.06-300x200.jpeg 300w, https:\/\/biserica-ringkobing-skjern.dk\/wp-content\/uploads\/2025\/02\/WhatsApp-Image-2025-01-28-at-15.53.06-1024x683.jpeg 1024w, https:\/\/biserica-ringkobing-skjern.dk\/wp-content\/uploads\/2025\/02\/WhatsApp-Image-2025-01-28-at-15.53.06-768x512.jpeg 768w, https:\/\/biserica-ringkobing-skjern.dk\/wp-content\/uploads\/2025\/02\/WhatsApp-Image-2025-01-28-at-15.53.06.jpeg 1080w\" sizes=\"auto, (max-width: 438px) 100vw, 438px\" \/><img decoding=\"async\" src=\"https:\/\/scontent-cph2-1.xx.fbcdn.net\/v\/t39.30808-6\/347563211_1403537457097059_6141218740915056820_n.jpg?_nc_cat=101&amp;ccb=1-7&amp;_nc_sid=5f2048&amp;_nc_ohc=0jmYSneS67gAX_ygzkE&amp;_nc_ht=scontent-cph2-1.xx&amp;oh=00_AfArkbMva_PSbf10B2-C2sZVeHp7zLvriefzy5-z0ts1nQ&amp;oe=6544BE96\" alt=\"\" \/><\/figure>\r\n\r\n\r\n\r\n<p>Sf\u00e2nta \u00cemp\u0103rt\u0103\u0219anie se d\u0103 oamenilor drepcredincio\u0219i spre iertarea p\u0103catelor \u0219i spre \u00eennoirea vie\u021bii lor duhovnice\u0219ti. Nimeni dintre oameni nu se poate m\u00e2ntui f\u0103r\u0103 aceste patru Sfinte Taine: Botezul, Mirungerea, Spovedania \u0219i Sf\u00e2nta \u00cemp\u0103rt\u0103\u0219anie.<\/p>\r\n\r\n\r\n\r\n<p>&nbsp;<\/p>\r\n\r\n\r\n\r\n<p>Taina Sfintei \u00cemp\u0103rt\u0103\u015fanii a fost \u00eentemeiat\u0103 de Hristos la Cina cea de Tain\u0103, \u00een Joia Mare, c\u00e2nd, m\u00e2nc\u00e2nd cu ucenicii S\u0103i, a luat p\u00e2inea, a binecuv\u00e2ntat-o, a fr\u00e2nt-o \u015fi a dat-o lor, zic\u00e2nd: \u201eLua\u0163i, m\u00e2nca\u0163i, acesta este trupul Meu.\u201d Apoi, lu\u00e2nd paharul \u015fi mul\u0163umind, le-a dat, zic\u00e2nd: \u201eBe\u0163i dintru acesta to\u0163i, acesta este s\u00e2ngele Meu, al Legii celei noi, care pentru mul\u0163i se vars\u0103 spre iertarea p\u0103catelor\u201d (Matei 26, 26-28).<\/p>\r\n\r\n\r\n\r\n<figure class=\"wp-block-image size-large\"><img decoding=\"async\" src=\"https:\/\/scontent-cph2-1.xx.fbcdn.net\/v\/t39.30808-6\/340774924_1780100999075800_3182352907445440694_n.jpg?_nc_cat=109&amp;ccb=1-7&amp;_nc_sid=5f2048&amp;_nc_ohc=Hvw3k4ci6mgAX8xNFJX&amp;_nc_ht=scontent-cph2-1.xx&amp;oh=00_AfBE-RsTwuFiTOa2XSIdDqygaku9mqtI2Qkum1CeC3rpNQ&amp;oe=654429F1\" alt=\"\" \/><\/figure>\r\n\r\n\r\n\r\n<p>Sf\u00e2nta \u00cemp\u0103rt\u0103\u015fanie se d\u0103 oamenilor drepcredincio\u015fi spre iertarea p\u0103catelor \u015fi spre \u00eennoirea vie\u0163ii lor duhovnice\u015fti. Nimeni dintre oameni nu se poate m\u00e2ntui f\u0103r\u0103 aceste patru Sfinte Taine:\u00a0<strong>Botezul<\/strong>,\u00a0<strong>Mirungerea<\/strong>,\u00a0<strong>Spovedania<\/strong>\u00a0\u015fi\u00a0<strong>Sf\u00e2nta \u00cemp\u0103rt\u0103\u015fanie<\/strong>.<\/p>\r\n\r\n\r\n\r\n<p>Prin primele dou\u0103 Taine ne facem fii ai Bisericii \u015fi ai lui Dumnezeu dup\u0103 har, iar prin ultimele dou\u0103 ne facem fii \u015fi mo\u015ftenitori ai \u00cemp\u0103r\u0103\u0163iei Cerurilor. C\u0103ci zice Domnul despre Sf\u00e2nta \u00cemp\u0103rt\u0103\u015fanie:<em>\u00a0\u201e<\/em>De nu ve\u0163i m\u00e2nca trupul Fiului Omului \u015fi de nu ve\u0163i bea s\u00e2ngele Lui, nu ve\u0163i avea via\u0163\u0103 \u00eentru voi\u201d\u00a0(Ioan 6, 53).<\/p>\r\n\r\n\r\n\r\n<figure class=\"wp-block-image size-large\"><img decoding=\"async\" src=\"https:\/\/scontent-cph2-1.xx.fbcdn.net\/v\/t39.30808-6\/347236618_834323641622908_5730438338840518973_n.jpg?_nc_cat=102&amp;ccb=1-7&amp;_nc_sid=5f2048&amp;_nc_ohc=bXc-3FcC_WgAX9ZEFBF&amp;_nc_ht=scontent-cph2-1.xx&amp;oh=00_AfCBIZwpRAnCyS7Lx3r__09dxbmbr5jJqAtc2b7sMLlT8g&amp;oe=6543BFF5\" alt=\"\" \/><\/figure>\r\n\r\n\r\n\r\n<p>(<strong>Arhimandritul Ioanichie B\u0103lan<\/strong>,\u00a0<em>R\u00e2nduiala Sfintei Spovedanii \u015fi a Sfintei \u00cemp\u0103rt\u0103\u015fanii<\/em>, Editura Mitropoliei Moldovei \u015fi Bucovinei, Ia\u015fi, 1993, p. 11)<\/p>\r\n","protected":false},"excerpt":{"rendered":"<p>Sf\u00e2nta \u00cemp\u0103rt\u0103\u0219anie se d\u0103 oamenilor drepcredincio\u0219i spre iertarea p\u0103catelor \u0219i spre \u00eennoirea vie\u021bii lor duhovnice\u0219ti. Nimeni dintre oameni nu se poate m\u00e2ntui f\u0103r\u0103 aceste patru Sfinte Taine: Botezul, Mirungerea, Spovedania [&hellip;]<\/p>\n","protected":false},"author":2,"featured_media":123,"parent":106,"menu_order":3,"comment_status":"closed","ping_status":"closed","template":"","meta":{"footnotes":""},"class_list":["post-129","page","type-page","status-publish","has-post-thumbnail","hentry"],"_links":{"self":[{"href":"https:\/\/biserica-ringkobing-skjern.dk\/index.php\/wp-json\/wp\/v2\/pages\/129","targetHints":{"allow":["GET"]}}],"collection":[{"href":"https:\/\/biserica-ringkobing-skjern.dk\/index.php\/wp-json\/wp\/v2\/pages"}],"about":[{"href":"https:\/\/biserica-ringkobing-skjern.dk\/index.php\/wp-json\/wp\/v2\/types\/page"}],"author":[{"embeddable":true,"href":"https:\/\/biserica-ringkobing-skjern.dk\/index.php\/wp-json\/wp\/v2\/users\/2"}],"replies":[{"embeddable":true,"href":"https:\/\/biserica-ringkobing-skjern.dk\/index.php\/wp-json\/wp\/v2\/comments?post=129"}],"version-history":[{"count":2,"href":"https:\/\/biserica-ringkobing-skjern.dk\/index.php\/wp-json\/wp\/v2\/pages\/129\/revisions"}],"predecessor-version":[{"id":167,"href":"https:\/\/biserica-ringkobing-skjern.dk\/index.php\/wp-json\/wp\/v2\/pages\/129\/revisions\/167"}],"up":[{"embeddable":true,"href":"https:\/\/biserica-ringkobing-skjern.dk\/index.php\/wp-json\/wp\/v2\/pages\/106"}],"wp:featuredmedia":[{"embeddable":true,"href":"https:\/\/biserica-ringkobing-skjern.dk\/index.php\/wp-json\/wp\/v2\/media\/123"}],"wp:attachment":[{"href":"https:\/\/biserica-ringkobing-skjern.dk\/index.php\/wp-json\/wp\/v2\/media?parent=129"}],"curies":[{"name":"wp","href":"https:\/\/api.w.org\/{rel}","templated":true}]}}